 15. Let a(j) = 10*j**3 - 25*j**2 - 55*j + 77. Let z(r) = 4*a(r) - 21*b(r). Give z(5).
-77
Let o(m) be the first derivative of -m**4/4 - 8*m**3/3 - 9*m**2/2 - 5*m - 704. Calculate o(-7).
9
Let g(i) = 185*i - 186*i + 0*i**2 - 1 - i**2 - i**2 + i**2. Let q = 14 + -16. Determine g(q).
-3
Suppose -5*x - 4*i = -29, 0*i - 2*i = x - 7. Suppose -g = -0*l + l - x, -2*l + g = -19. Let p(y) = y**3 - 9*y**2 + 9*y - 12. Calculate p(l).
-4
Let d = -1 - 2. Let b(o) = 6*o. Let s(v) = -v - 1. Let z be 6/(-1*3)*298/596. Let k(j) = d*s(j) + z*b(j). Determine k(4).
-9
Let m(u) = -u**3 + 30*u**2 + 29*u + 60. Let a be m(31). Let p(t) = -2*t**3 - 4*t**2 + 4. What is p(a)?
4
Let k(c) = c**2 + 5*c - 5. Let o = -42 + 54. Suppose 0 = -4*a + o*a - 16. Suppose -32 = p + 3*p + 4*b, 3*b + 17 = -a*p. Give k(p).
9
Suppose 50*k - 20 = 46*k. Suppose -2*n = -4*c + 8 + 14, -5*c = 4*n + k. Let r(x) = -c - 308*x + 306*x + 2. Calculate r(-5).
9
Let g be 2 - -10*1/(-2). Let r(d) = 9*d**2 - 6*d + 194. Let j(l) = 12*l**2 - 8*l + 249. Let h(p) = -7*j(p) + 9*r(p). Determine h(g).
-30
Let t(u) = -116*u**2 + 9*u**2 + 16*u + 8 + 118*u**2 + 2*u**3. Calculate t(-4).
-8
Let g(p) = -p**3 - 37*p**2 - 69*p + 27. Let r be g(-35). Let l(w) = -8*w - 62. Let b be l(r). Let j(f) = -2*f + 1 - 1 + 2. Give j(b).
-2
Let g = -12844 - -12844. Let f(b) be the second derivative of -1/2*b**3 + g + 34*b + 5/2*b**2. Give f(6).
-13
Let x = 10968 + -10973. Let q(f) = -f**3 - 8*f**2 - 20*f - 18. What is q(x)?
7
Let k(n) be the third derivative of n**5/60 + 9*n**4/8 + 9*n**3 + 4*n**2 + 141. Calculate k(-24).
-18
Let k(z) = -15*z**2 + 9*z - 14. Let l(d) = 17*d**2 - 9*d + 17. Let b(u) = 9*k(u) + 8*l(u). Suppose -2*g - 1 = -17. Suppose -r = -2*r - g. What is b(r)?
2
Let y(q) = q**3 + 14*q**2 + 16*q + 7. Let h be y(-13). Let j = 32 + h. Let k(u) = j*u + 3*u - u**2 - 6*u. Calculate k(-3).
0
Suppose -16 = 2*u + 3*f, -4*u + 4*f - 3 = 49. Let v(q) = -q**2 - 5*q + 8. Give v(u).
-58
Let x be (-64 - -66) + (-1 - -1*1). Let k(l) = 29*l**2 - 13 - 10*l - 58*l**2 + 28*l**x. Give k(-6).
11
Suppose -50*g - 2 = -51*g. Let i(p) = -p**3 + 5 - 71*p**2 + 69*p**2 + g - 4. Calculate i(0).
3
Let a(k) = k**2 - 2*k - 150. Let c be (-3)/(-12) - 19/76. Calculate a(c).
-150
Suppose -4*d - 2*p - 1141 = -1157, -3*d + 3*p = 6. Let w(n) = n - 2. Let l(h) = 2 - 2 + 1. Let i(c) = d*w(c) + 3*l(c). Give i(4).
7
Let t(u) = -2*u**3 + 4*u**2 - 2*u - 2. Suppose -22*b - 8*b + 86 = 13*b. Suppose 0 = 5*v - 9 - 1. Suppose 4*a + a + b*q - 18 = 0, -v*a = -3*q + 8. Give t(a).
-6
Let u(h) = -2*h + 52231 - h - 52249 + 5*h - h. Determine u(5).
-13
Suppose 3*q + 2*h + 4 = 0, -q - 3 = -0*q + h. Let k(i) = 6*i + i**q - 9 - 2*i**2 + 16. Let v be -4 - ((-50)/10 + -6). Determine k(v).
0
Let b(n) = -2*n**2 + 3*n - 3. Let z(k) = 6*k + 0 - 6 - 4*k**2 + 1. Let r(j) = -j**2 - 71*j - 1263. Let f be r(-37). Let p(w) = f*b(w) + 3*z(w). Determine p(2).
-2
Suppose 38 = 8*j - 10. Suppose j = -11*a + 28. Let v(g) = -g + 19 - a + 2 - g**3 + 0*g**3. Determine v(0).
19
Suppose -a + 2*h + 8 = -294, -5*a + 1565 = h. Let d = -319 + a. Let v(i) = i + 4. Determine v(d).
-3
Suppose -3*y + 4*y - 3*h = 22, -5*y + h + 40 = 0. Suppose -2*z = -u + 9 + y, -u + z + 11 = 0. Suppose u = 5*l - 4. Let o(m) = 2*m**2 - 2*m - 1. Determine o(l).
3
Let x(o) = 232*o + 925. Let m be x(-4). Let q(v) = -3*v**2 - 5*v + 2*v - 2 - v**3 + 2*v. What is q(m)?
1
Let b be (-9)/3 - -4 - (30/(-5) - -1). Let m(f) = f**3 - 4*f**2 - 10*f - 10. What is m(b)?
2
Let a(w) = -w**3 + 8*w**2 + 2. Let p be 850/110 + 33/121. Calculate a(p).
2
Let x(k) = -k**3 - 7*k**2 + 2*k - 3. Let f = 294 - 29. Let w = -272 + f. Determine x(w).
-17
Let l(n) = -9*n**3 - 9*n**2 + 8*n - 7. Let z(x) = -2*x**3 - x**2 + 2*x - 1. Let r(a) = l(a) - 5*z(a). Suppose -4 = u - 5*k + 12, -3*u = -3*k. Determine r(u).
-10
Let x(o) = -o**3 + 2*o**2 - o + 17. Let v be 33/(-495) + 6/90. Give x(v).
17
Let f(h) = 18*h + 11*h - 79*h + 26*h - h**2 + 31 + 27*h. Give f(9).
-23
Let n(c) be the second derivative of 7*c**3/6 - 11*c**2 - 2*c + 17. Let x(k) = 10*k - 32. Let t(i) = 7*n(i) - 5*x(i). Determine t(-5).
11
Let j(i) = 9*i**2 + 20*i + 88. Let a be j(-6). Suppose -30 = 295*q - a*q. Let o(w) = w + 3. What is o(q)?
-7
Let f(o) = 71*o**2 - 2*o + 52. Let x(d) = -12*d**2 - 1. Let k(v) = f(v) + 6*x(v). What is k(-8)?
-2
Let d be ((-35)/20)/((-1)/(-4))*-1. Let u(l) = -5*l + d - 2*l + 8*l - 2. Give u(-8).
-3
Let l(p) be the first derivative of p**2/2 + 4*p - 1. Let z(a) = 1881*a + 78999. Let n be z(-42). Determine l(n).
1
Let h = -259 + 298. Suppose h*c = 37*c - 2. Let k(y) = -2*y - 1 - 4*y + 0*y. Give k(c).
5
Let x(g) = 4*g**3 + 2*g**3 + 16 - 5*g**3 - 15*g**2 - 16*g. Suppose 5*v - 59 = -4*w, 1122 = 4*v + 1126. What is x(w)?
16
Let j(i) = -i**2 - 4*i - 3. Let p be j(-3). Let u(b) = -3*b + p + b**2 - 4*b + 0*b**2 - 5. Suppose -14*f + 22 = x - 9*f, 0 = -2*x + 2*f + 8. Calculate u(x).
-5
Let a(j) be the second derivative of -j**3/6 - 5*j**2/2 + 100*j. Let c be 26/(-5) - (-3)/15. Determine a(c).
0
Let j(w) = 11 - 11 + 3*w. Let a = 76 + -74. Suppose -5*i = -5*y - 8 - 2, 0 = -2*y - a*i - 4. What is j(y)?
-6
Let m be (-12)/(-8)*268/6. Let l(z) = 39*z - m*z + 29*z. Calculate l(-6).
-6
Let d(n) = n**3 + 5*n**2 + 3*n + 3. Let r = -237 - -237. Suppose 0 = 2*a + 5*i + 3, r = a - 132*i + 137*i - 1. Determine d(a).
7
Let h(u) = u**2 + 6*u - 25. Let g = -3866 + 3866. Determine h(g).
-25
Let k(u) = -u**3 + 8*u**2 + 6*u + 6. Let j(f) = -f**2 - f - 1. Let z(t) = 6*j(t) + k(t). Let m = 28616 - 28615. Determine z(m).
1
Let p(m) = -m**3 - 62*m**2 + 2*m + 68. Let h(b) = -b**3 - 74*b**2 + 2*b + 67. Let a(y) = -2*h(y) + 3*p(y). Determine a(-38).
-6
Let a be 270/14 - 0 - (-4)/(-14). Let z(u) = -a*u**2 + u**3 - 10*u + 16 + 7*u**2 + 19*u. Give z(11).
-6
Let r(b) = -b**2 - 8*b + 14. Let m = -238 - -232. Give r(m).
26
Let f = 905 + -903. Let a(w) = w**3 - w**2 + 6*w - 7. Calculate a(f).
9
Let n(y) = 4*y - 13. Let s(l) = 4*l - 30. Let f(g) = -2*g - 1. Let b(v) = -2*f(v) + s(v). Let i(z) = 6*b(z) - 13*n(z). What is i(3)?
-11
Let z(o) = -2*o**2 - 7*o - 7. Let j be z(-1). Let n(s) = 3*s**2 - 5*s - 5. Let x(d) = -17*d**2 + 25*d + 25. Let m(y) = j*x(y) - 11*n(y). Determine m(-6).
11
Let q(m) = 10*m + 4. Let z(w) = 2*w - 1. Let x(p) = -q(p) + 6*z(p). Let g(j) = 7*j - 27. Let k(v) = -3*g(v) + 8*x(v). Determine k(-9).
46
Let y(z) = 12*z + 18. Let x(q) = -11*q - 19. Let a(c) = -5*x(c) - 6*y(c). Let l(v) = -9*v - 7. Let n(i) = -6*a(i) + 11*l(i). Let h = -12 - -10. Calculate n(h).
-5
Let l = -55 - -67. Suppose -l = z + z. Let t(c) be the second derivative of -c**3/6 - 6*c**2 + c + 44. Calculate t(z).
-6
Let g(f) = -32*f + 135. Let m(h) = 6*h - 7. Let t(b) = -g(b) - 6*m(b). Give t(-22).
-5
Suppose -4*a = 2*d + 30, 0 = 4*a - 4*d - 0*d. Let i(w) = w**3 + w + 5*w**2 - 3*w - 2 - 3*w + 4*w. What is i(a)?
3
Let k be ((30 - 2)/2)/(-2). Let h(j) = -1408172*j + 2*j**2 - 4 + 1408189*j + 12. Give h(k).
-13
Suppose z + 65 = 2*h, -35 = -h + 21*z - 23*z. Let i(w) = -h*w + 7 - 13*w + 45*w. Determine i(10).
-3
Let q be 1 - (5 - 20/2). Let n(g) = -40*g**2 - 1 + 62*g**2 - 7*g - 27*g**2 + g**3 + g. Determine n(q).
-1
Let b(j) = -21*j**2 - 339*j - 39. Let k be b(-16). Let f(r) = -2*r + 8. Let l(n) = 2*n - 8. Let w(i) = 3*f(i) + 4*l(i). What is w(k)?
10
Let q = -268 + 269. Let t(u) = -q + 34*u - 17*u - 16*u + 6. What is t(-4)?
1
Suppose 7*v = 6*v + 36. Suppose 0 = -31*q + v*q + 205. Let k = -46 - q. Let m(f) = -f**2 - 2*f + 7. Determine m(k).
-8
Let b be 5/(-2) - (5 - (-21)/(-2)). Let r(v) = v**2 + 68*v - 209. Determine r(b).
4
Let c(s) be the first derivative of 3*s**2/2 + 6*s + 759. Let h be (-18)/(-3)*(9/(-3))/3. What is c(h)?
-12
Let k be (-18)/(-1) + 11 + (-3 - 8). Let z(a) = 4*a - 77. Let o be z(k). Let j(l) = -l**2 - 5*l. Give j(o).
0
Suppose 306 = 6*m + 144. Let v(r) = r**3 - 27*r**2 + r - 31. Determine v(m).
-4
Let n(s) = -8*s + 7*s**2 - 20 - 6*s**2 + s - 399 + 0*s. Let m be n(24). Let x(a) = 16 + a + 0*a**3 + 11*a**2 + a + a**3. What is x(m)?
-6
Let y = -182 - -202. Suppose -2*k + y = 3*k, 2*b + 3*k = 24. Let r(w) = -w**2 + 6*w - 4. Calculate r(b).
-4
Let n(u) be the second derivative of 13/6*u**3 + 15/2*u**2 + 1/24*u**4 + 9*u + 0. Let l(w) be the first derivative of n(w). Give l(-9).
4
Let g = 0 + 10. Let w(j) be the first 